*n + 3. Let f = -5 + -2. Let x be w(f). Let l be (-2)/(-9) + (-528)/(-54). Calculate the greatest common factor of x and l.
10
Let h = -6 - -6. Suppose 2*b + 26 = 2*k - b, h = -4*k + 4*b + 48. What is the greatest common divisor of k and 2?
2
Let m = -198 + 205. Calculate the highest common divisor of m and 91.
7
Let p be 41 + (0 - -4 - 3). Calculate the highest common divisor of p and 63.
21
Let o = -37 + 125. Suppose h + 3*h = -2*t - 136, -4*h = 4*t + 128. Let q = o + h. What is the greatest common factor of q and 13?
13
Let t = 3 - 1. Suppose 0 = t*q - 7*q + 105. Suppose i = 2*i - q. Calculate the greatest common factor of 14 and i.
7
Let t(v) = -v**2 + v - 10. Let o be t(5). Let w be 4/2 - o/6. Calculate the greatest common divisor of w and 14.
7
Let c be 5 - 4 - (-3 + -4). What is the highest common divisor of c and 64?
8
Suppose -3*y = -2*i - 0*y + 34, 0 = -2*y + 4. Let v(q) = -2*q - 2. Let z be v(-3). What is the highest common factor of z and i?
4
Let r be (44/10)/(2/40). Suppose -r = 3*x - 4*x. Let q be -2*2/(-8)*22. What is the greatest common factor of x and q?
11
Let h(n) = -n**2 + 10*n - 5. Let f be h(9). Calculate the greatest common divisor of f and 16.
4
Suppose -3*r + 2*m = -27, 0*m = -3*r + m + 24. Let q be 3101/r + (3 - 1). Suppose 115 - q = -5*p. What is the greatest common factor of p and 44?
22
Suppose w = 4*q + 2 - 12, 0 = -3*w - 3*q + 45. What is the highest common factor of w and 80?
10
Suppose 8*d - 15 = 3*d. What is the greatest common factor of 15 and d?
3
Let s = 77 + -45. Let w = 8 - 0. Calculate the greatest common divisor of s and w.
8
Suppose 0 = 5*i + 29 + 146. Let c = i + 133. Suppose 0 = 3*k + 3*q - 79 - c, 323 = 5*k - 2*q. What is the highest common divisor of 7 and k?
7
Let x be (-5)/20 + (-18)/(-8). Suppose -m = x*b - 19, -3*b = 5*m + 2*b - 110. Calculate the highest common divisor of m and 5.
5
Let i be 109/4 - (-2)/(-8). Let j(s) = -2*s - 1. Let l be j(-2). Calculate the highest common factor of i and l.
3
Let p be (-1)/2*(-78)/3. Let y be 3/6 - p/(-2). What is the highest common factor of 35 and y?
7
Let o(h) = -h - 6. Let s be o(-5). Let u(g) = -24*g. Let i be u(s). What is the greatest common factor of 12 and i?
12
Let c(o) = 7*o - 2. Let y be c(1). What is the greatest common divisor of y and 15?
5
Suppose 0 = 4*b - 4*s, b + 0*b = -4*s + 25. What is the highest common divisor of b and 10?
5
Let u = 11 - 7. Suppose 5*i - u*m = 1807, -4*i + 8*i - 2*m = 1448. Suppose -k = -4*k + i. What is the highest common factor of k and 11?
11
Suppose -2*h + 16 = 5*v - h, -5*v - 4*h = -4. Suppose 2*i + 5 = 4*n - 1, v*i = -n + 6. Suppose -n = -q + 1. Calculate the greatest common divisor of q and 33.
3
Suppose -3*j = 3*q + 18, 4*j - 1 - 3 = 0. Let r be 2/q - 212/(-7). Calculate the highest common divisor of 45 and r.
15
Suppose -4*f - f + 140 = 0. Calculate the highest common factor of f and 70.
14
Suppose 2*w - 2 = 6. Suppose g = 4*n + 27, -3*g - w*n = g - 8. Calculate the greatest common factor of 14 and g.
7
Let t(a) = 2*a**2 + 6*a - 12. Let h be t(-6). What is the highest common factor of 12 and h?
12
Let y be (-1 + 7)*(-1 - -2). Let v(h) = h - 1. Let m be v(y). What is the greatest common divisor of 15 and m?
5
Let n(s) = -s**2 + 8*s + 6. Let q be n(8). Suppose 3*x = 4*x - q. Suppose -10*o = -x*o - 44. Calculate the highest common divisor of 44 and o.
11
Let u = 25 - -11. What is the highest common factor of 24 and u?
12
Let y(i) = 8*i - 86. Let f be y(27). Calculate the greatest common divisor of f and 26.
26
Let l = -18 - -20. What is the highest common divisor of l and 5?
1
Let w(x) = 9*x**2 - 6*x + 5. Let f be w(5). Calculate the greatest common factor of f and 25.
25
Let n = 4 + -6. Let b be (-4)/1 - n - -4. Calculate the highest common divisor of 2 and b.
2
Suppose 29 = 2*h + 17. What is the highest common factor of h and 3?
3
Let c be 1/((-5 - -3)/(-16)). Suppose y = 5*y - c. Let q(k) = -k**3 - 3*k**2 - 4*k - 4. Let l be q(-3). Calculate the highest common factor of l and y.
2
Suppose -3*s - 27 + 162 = 0. What is the highest common factor of 360 and s?
45
Let b(q) = q**3 + 10*q**2 - 5 - q + 0*q**3 - 11*q. Let r be b(-11). What is the greatest common factor of 30 and r?
6
Suppose 2 = 2*o - 12. Let b = 40 + -12. Calculate the highest common factor of o and b.
7
Suppose -2*i + 5*h + 165 = 3*i, 2*h - 54 = -2*i. Suppose l - i = -4*j + 3*l, 5*j - 2*l = 40. What is the greatest common divisor of 10 and j?
10
Suppose 5*t = -2*c + 12 - 3, c = -t. Calculate the greatest common factor of t and 21.
3
Let b(n) = 7*n**2 + 13. Let w(c) = -c + 1. Let j(o) = b(o) - 6*w(o). Let d be j(-5). Calculate the highest common divisor of 19 and d.
19
Suppose -3*y - 39 = 2*j + 340, -j - 253 = 2*y. Let q = -22 - y. Let n be (-3)/2*1*-14. Calculate the highest common divisor of n and q.
21
Suppose 0 = 3*q - 8*q + 95. Calculate the greatest common factor of 76 and q.
19
Let x(p) = p**3 - 3*p**2 - 3*p - 2. Let c be x(4). What is the highest common divisor of 1 and c?
1
Let u be (-4)/((6/(-4))/3). Let v = u - -3. Calculate the highest common divisor of 99 and v.
11
Suppose 4*c - 45 = -c. Let i be (240/(-9))/((-3)/c). What is the highest common divisor of i and 10?
10
Suppose -384 = -2*i - 10*i. What is the greatest common factor of 8 and i?
8
Suppose -10*f = -6*f - 52. What is the highest common divisor of 39 and f?
13
Suppose 5*y + 6 - 21 = 0. Suppose 65 = 4*b - y. Suppose -170 = -0*v - 2*v. What is the highest common divisor of b and v?
17
Let u be ((-5)/2)/(2/(-24)). Suppose 75 = 3*d - u. What is the greatest common factor of 5 and d?
5
Suppose 7 = 4*s - 53. Calculate the highest common factor of 5 and s.
5
Suppose 24 = 2*k + k. Suppose t + 8 = 5*t. Let n be t + 1/(-2)*2. Calculate the greatest common factor of n and k.
1
Let l be (1 - 0) + (6 - -7). Calculate the greatest common divisor of 56 and l.
14
Let d(a) = a**2 - 4*a + 1. Let m be (-6)/15 - (-27)/5. Let i be d(m). Suppose -3*k = -i*k + 81. Calculate the greatest common divisor of 9 and k.
9
Let s = 681 + -483. What is the greatest common factor of s and 22?
22
Suppose m + 128 = 2*f, -3*m - 39 = 4*f - 295. Calculate the greatest common divisor of 16 and f.
16
Let s be -16*(-3 - (-20)/8). What is the highest common divisor of 48 and s?
8
Let s(j) = -42*j. Let x be s(-7). What is the greatest common factor of x and 42?
42
Suppose 9 = 2*z - k, -z + 4*k = k - 2. Suppose y + z*x + 5 - 22 = 0, -5*x - 27 = -y. Calculate the highest common divisor of 176 and y.
22
Let m = 17 + -3. What is the greatest common factor of m and 7?
7
Suppose 0 = -5*x + 3*z - 477, 4*x + 4*z + 170 = 2*x. Let k = x - -141. Suppose -3*s - k = -7*s. Calculate the greatest common factor of 96 and s.
12
Let z(v) = 3*v + v**3 - 5*v - 3*v - 3*v**2 + v**2. Let y be z(4). What is the highest common divisor of y and 8?
4
Let x be (-180)/(-14) - (-8)/56. What is the highest common divisor of 52 and x?
13
Let j = -15 + 19. Calculate the highest common factor of 4 and j.
4
Let g(s) = -4*s. Let k be g(-1). Let z be (-1 - 5)*2/k. Let p be (-1)/(z/6) - -10. What is the greatest common factor of p and 24?
12
Let j = 8 + -4. Suppose -2 = -j*a + 10. Let l = 10 - -17. What is the greatest common divisor of a and l?
3
Let b(z) = z**3 + 4*z**2 - 2*z + 5. Let h be b(-4). Let x be 36/(-16)*(-16)/6. Let l be (156/9)/(2/x). What is the highest common factor of l and h?
13
Let k(c) = -5*c - 4. Let h be k(-4). Calculate the greatest common factor of h and 4.
4
Let d(q) = 2*q**2 - 3*q - 4. Let k be d(3). Suppose -80 = -2*x - x + k*z, 3*x = z + 64. Calculate the greatest common factor of x and 10.
10
Suppose 0 = -2*p - 3*p + n + 70, 2*n - 16 = -2*p. Let h be 10/4*(p + -9). What is the greatest common factor of 110 and h?
10
Let a be (1 + -4)/(1/(-11)). Calculate the highest common divisor of 297 and a.
33
Let u = 193 + -93. What is the highest common factor of u and 10?
10
Let r(q) = 4*q**2 - 3*q + 1. Let y(d) = -3*d**2 + 3*d - 2. Let x(l) = 4*r(l) + 5*y(l). Let n be x(6). What is the greatest common divisor of 12 and n?
12
Let f be (-89)/(-5) + 3/15. Calculate the highest common factor of f and 90.
18
Let d(j) be the first derivative of -j**2/2 - 3*j + 2. Let s be d(-8). What is the greatest common divisor of s and 25?
5
Let z(u) =